[encoded data, 174401 characters], 0, 1498724789, 1);

-- --------------------------------------------------------

--
-- Table structure for table `cache_views_data`
--

CREATE TABLE `cache_views_data` (
  `cid` varchar(255) NOT NULL DEFAULT '' COMMENT 'Primary Key: Unique cache ID.',
  `data` longblob COMMENT 'A collection of data to cache.',
  `expire` int(11) NOT NULL DEFAULT '0' COMMENT 'A Unix timestamp indicating when the cache entry should expire, or 0 for never.',
  `created` int(11) NOT NULL DEFAULT '0' COMMENT 'A Unix timestamp indicating when the cache entry was created.',
  `serialized` smallint(6) NOT NULL DEFAULT '1' COMMENT 'A flag to indicate whether content is serialized (1) or not (0).'
) ENGINE=InnoDB DEFAULT CHARSET=utf8 COMMENT='Cache table for views to store pre-rendered queries,...';

-- --------------------------------------------------------

--
-- Table structure for table `comment`
--

CREATE TABLE `comment` (
  `cid` int(11) NOT NULL COMMENT 'Primary Key: Unique comment ID.',
  `pid` int(11) NOT NULL DEFAULT '0' COMMENT 'The comment.cid to which this comment is a reply. If set to 0, this comment is not a reply to an existing comment.',
  `nid` int(11) NOT NULL DEFAULT '0' COMMENT 'The node.nid to which this comment is a reply.',
  `uid` int(11) NOT NULL DEFAULT '0' COMMENT 'The users.uid who authored the comment. If set to 0, this comment was created by an anonymous user.',
  `subject` varchar(64) NOT NULL DEFAULT '' COMMENT 'The comment title.',
  `hostname` varchar(128) NOT NULL DEFAULT '' COMMENT 'The author’s host name.',
  `created` int(11) NOT NULL DEFAULT '0' COMMENT 'The time that the comment was created, as a Unix timestamp.',
  `changed` int(11) NOT NULL DEFAULT '0' COMMENT 'The time that the comment was last edited, as a Unix timestamp.',
  `status` tinyint(3) UNSIGNED NOT NULL DEFAULT '1' COMMENT 'The published status of a comment. (0 = Not Published, 1 = Published)',
  `thread` varchar(255) NOT NULL COMMENT 'The vancode representation of the comment’s place in a thread.',
  `name` varchar(60) DEFAULT NULL COMMENT 'The comment author’s name. Uses users.name if the user is logged in, otherwise uses the value typed into the comment form.',
  `mail` varchar(64) DEFAULT NULL COMMENT 'The comment author’s e-mail address from the comment form, if user is anonymous, and the ’Anonymous users may/must leave their contact information’ setting is turned on.',
  `homepage` varchar(255) DEFAULT NULL COMMENT 'The comment author’s home page address from the comment form, if user is anonymous, and the ’Anonymous users may/must leave their contact information’ setting is turned on.',
  `language` varchar(12) NOT NULL DEFAULT '' COMMENT 'The languages.language of this comment.'
) ENGINE=InnoDB DEFAULT CHARSET=utf8 COMMENT='Stores comments and associated data.';

-- --------------------------------------------------------

--
-- Table structure for table `ctools_css_cache`
--

CREATE TABLE `ctools_css_cache` (
  `cid` varchar(128) NOT NULL COMMENT 'The CSS ID this cache object belongs to.',
  `filename` varchar(255) DEFAULT NULL COMMENT 'The filename this CSS is stored in.',
  `css` longtext COMMENT 'CSS being stored.',
  `filter` tinyint(4) DEFAULT NULL COMMENT 'Whether or not this CSS needs to be filtered.'
) ENGINE=InnoDB DEFAULT CHARSET=utf8 COMMENT='A special cache used to store CSS that must be non-volatile.';

-- --------------------------------------------------------

--
-- Table structure for table `ctools_object_cache`
--

CREATE TABLE `ctools_object_cache` (
  `sid` varchar(64) NOT NULL COMMENT 'The session ID this cache object belongs to.',
  `name` varchar(128) NOT NULL COMMENT 'The name of the object this cache is attached to.',
  `obj` varchar(128) NOT NULL COMMENT 'The type of the object this cache is attached to; this essentially represents the owner so that several sub-systems can use this cache.',
  `updated` int(10) UNSIGNED NOT NULL DEFAULT '0' COMMENT 'The time this cache was created or updated.',
  `data` longblob COMMENT 'Serialized data being stored.'
) ENGINE=InnoDB DEFAULT CHARSET=utf8 COMMENT='A special cache used to store objects that are being...';

--
-- Dumping data for table `ctools_object_cache`
--

INSERT INTO `ctools_object_cache` (`sid`, `name`, `obj`, `updated`, `data`) VALUES
('_cX_Dy8XcpIsBD3jojtRBtynagGgVTKFuUhsfIOuXWY', 'loading_page', 'view', 1498122542, 0x[encoded data, 6492 characters]);

-- --------------------------------------------------------

--
-- Table structure for table `date_formats`
--

CREATE TABLE `date_formats` (
  `dfid` int(10) UNSIGNED NOT NULL COMMENT 'The date format identifier.',
  `format` varchar(100) CHARACTER SET utf8 COLLATE utf8_bin NOT NULL COMMENT 'The date format string.',
  `type` varchar(64) NOT NULL COMMENT 'The date format type, e.g. medium.',
  `locked` tinyint(4) NOT NULL DEFAULT '0' COMMENT 'Whether or not this format can be modified.'
) ENGINE=InnoDB DEFAULT CHARSET=utf8 COMMENT='Stores configured date formats.';

--
-- Dumping data for table `date_formats`
--

INSERT INTO `date_formats` (`dfid`, `format`, `type`, `locked`) VALUES
(1, 'm/d/Y - H:i', 'short', 1),
(2, 'd/m/Y - H:i', 'short', 1),
(3, 'Y/m/d - H:i', 'short', 1),
(4, 'd.m.Y - H:i', 'short', 1),
(5, 'Y-m-d H:i', 'short', 1),
(6, 'm/d/Y - g:ia', 'short', 1),
(7, 'd/m/Y - g:ia', 'short', 1),
(8, 'Y/m/d - g:ia', 'short', 1),
(9, 'M j Y - H:i', 'short', 1),
(10, 'j M Y - H:i', 'short', 1),
(11, 'Y M j - H:i', 'short', 1),
(12, 'M j Y - g:ia', 'short', 1),
(13, 'j M Y - g:ia', 'short', 1),
(14, 'Y M j - g:ia', 'short', 1),
(15, 'D, m/d/Y - H:i', 'medium', 1),
(16, 'D, d/m/Y - H:i', 'medium', 1),
(17, 'D, Y/m/d - H:i', 'medium', 1),
(18, 'D, Y-m-d H:i', 'medium', 1),
(19, 'F j, Y - H:i', 'medium', 1),
(20, 'j F, Y - H:i', 'medium', 1),
(21, 'Y, F j - H:i', 'medium', 1),
(22, 'D, m/d/Y - g:ia', 'medium', 1),
(23, 'D, d/m/Y - g:ia', 'medium', 1),
(24, 'D, Y/m/d - g:ia', 'medium', 1),
(25, 'F j, Y - g:ia', 'medium', 1),
(26, 'j F Y - g:ia', 'medium', 1),
(27, 'Y, F j - g:ia', 'medium', 1),
(28, 'j. F Y - G:i', 'medium', 1),
(29, 'l, F j, Y - H:i', 'long', 1),
(30, 'l, j F, Y - H:i', 'long', 1),
(31, 'l, Y,  F j - H:i', 'long', 1),
(32, 'l, F j, Y - g:ia', 'long', 1),
(33, 'l, j F Y - g:ia', 'long', 1),
(34, 'l, Y,  F j - g:ia', 'long', 1),
(35, 'l, j. F Y - G:i', 'long', 1);

-- --------------------------------------------------------

--
-- Table structure for table `date_format_locale`
--

CREATE TABLE `date_format_locale` (
  `format` varchar(100) CHARACTER SET utf8 COLLATE utf8_bin NOT NULL COMMENT 'The date format string.',
  `type` varchar(64) NOT NULL COMMENT 'The date format type, e.g. medium.',
  `language` varchar(12) NOT NULL COMMENT 'A languages.language for this format to be used with.'
) ENGINE=InnoDB DEFAULT CHARSET=utf8 COMMENT='Stores configured date formats for each locale.';

-- --------------------------------------------------------

--
-- Table structure for table `date_format_type`
--

CREATE TABLE `date_format_type` (
  `type` varchar(64) NOT NULL COMMENT 'The date format type, e.g. medium.',
  `title` varchar(255) NOT NULL COMMENT 'The human readable name of the format type.',
  `locked` tinyint(4) NOT NULL DEFAULT '0' COMMENT 'Whether or not this is a system provided format.'
) ENGINE=InnoDB DEFAULT CHARSET=utf8 COMMENT='Stores configured date format types.';

--
-- Dumping data for table `date_format_type`
--

INSERT INTO `date_format_type` (`type`, `title`, `locked`) VALUES
('long', 'Długa', 1),
('medium', 'Średnie', 1),
('short', 'Krótka', 1);

-- --------------------------------------------------------

--
-- Table structure for table `field_collection_item`
--

CREATE TABLE `field_collection_item` (
  `item_id` int(11) NOT NULL COMMENT 'Primary Key: Unique field collection item ID.',
  `revision_id` int(11) NOT NULL COMMENT 'Default revision ID.',
  `field_name` varchar(32) NOT NULL COMMENT 'The name of the field on the host entity embedding this entity.',
  `archived` int(11) NOT NULL DEFAULT '0' COMMENT 'Boolean indicating whether the field collection item is archived.'
) ENGINE=InnoDB DEFAULT CHARSET=utf8 COMMENT='Stores information about field collection items.';

--
-- Dumping data for table `field_collection_item`
--

INSERT INTO `field_collection_item` (`item_id`, `revision_id`, `field_name`, `archived`) VALUES
(1, 1, 'field_slideshow', 0),
(2, 2, 'field_slideshow', 0),
(3, 3, 'field_slideshow', 0),
(4, 4, 'field_slideshow', 0),
(5, 5, 'field_slideshow', 0),
(6, 6, 'field_slideshow', 0),
(7, 7, 'field_slideshow', 0),
(8, 8, 'field_slideshow', 0),
(9, 9, 'field_slideshow', 0),
(10, 10, 'field_slideshow', 0),
(11, 11, 'field_slideshow', 0),
(12, 12, 'field_slideshow', 0),
(13, 13, 'field_slideshow', 0),
(14, 14, 'field_slideshow', 0),
(15, 15, 'field_slideshow', 0);

-- --------------------------------------------------------

--
-- Table structure for table `field_collection_item_revision`
--

CREATE TABLE `field_collection_item_revision` (
  `revision_id` int(11) NOT NULL COMMENT 'Primary Key: Unique revision ID.',
  `item_id` int(11) NOT NULL COMMENT 'Field collection item ID.'
) ENGINE=InnoDB DEFAULT CHARSET=utf8 COMMENT='Stores revision information about field collection items.';

--
-- Dumping data for table `field_collection_item_revision`
--

INSERT INTO `field_collection_item_revision` (`revision_id`, `item_id`) VALUES
(1, 1),
(2, 2),
(3, 3),
(4, 4),
(5, 5),
(6, 6),
(7, 7),
(8, 8),
(9, 9),
(10, 10),
(11, 11),
(12, 12),
(13, 13),
(14, 14),
(15, 15);

-- --------------------------------------------------------

--
-- Table structure for table `field_config`
--

CREATE TABLE `field_config` (
  `id` int(11) NOT NULL COMMENT 'The primary identifier for a field',
  `field_name` varchar(32) NOT NULL COMMENT 'The name of this field. Non-deleted field names are unique, but multiple deleted fields can have the same name.',
  `type` varchar(128) NOT NULL COMMENT 'The type of this field.',
  `module` varchar(128) NOT NULL DEFAULT '' COMMENT 'The module that implements the field type.',
  `active` tinyint(4) NOT NULL DEFAULT '0' COMMENT 'Boolean indicating whether the module that implements the field type is enabled.',
  `storage_type` varchar(128) NOT NULL COMMENT 'The storage backend for the field.',
  `storage_module` varchar(128) NOT NULL DEFAULT '' COMMENT 'The module that implements the storage backend.',
  `storage_active` tinyint(4) NOT NULL DEFAULT '0' COMMENT 'Boolean indicating whether the module that implements the storage backend is enabled.',
  `locked` tinyint(4) NOT NULL DEFAULT '0' COMMENT '@TODO',
  `data` longblob NOT NULL COMMENT 'Serialized data containing the field properties that do not warrant a dedicated column.',
  `cardinality` tinyint(4) NOT NULL DEFAULT '0',
  `translatable` tinyint(4) NOT NULL DEFAULT '0',
  `deleted` tinyint(4) NOT NULL DEFAULT '0'
) ENGINE=InnoDB DEFAULT CHARSET=utf8;

--
-- Dumping data for table `field_config`
--

INSERT INTO `field_config` (`id`, `field_name`, `type`, `module`, `active`, `storage_type`, `storage_module`, `storage_active`, `locked`, `data`, `cardinality`, `translatable`, `deleted`) VALUES
(1, 'comment_body', 'text_long', 'text', 1, 'field_sql_storage', 'field_sql_storage', 1, 0, 0x613a363a7b733a31323a22656e746974795f7479706573223b613a313a7b693a303b733a373a22636f6d6d656e74223b7d733a31323a227472616e736c617461626c65223b623a303b733a383a2273657474696e6773223b613a303a7b7d733a373a2273746f72616765223b613a343a7b733a343a2274797065223b733a31373a226669656c645f73716c5f73746f72616765223b733a383a2273657474696e6773223b613a303a7b7d733a363a226d6f64756c65223b733a31373a226669656c645f73716c5f73746f72616765223b733a363a22616374697665223b693a313b7d733a31323a22666f726569676e206b657973223b613a313a7b733a363a22666f726d6174223b613a323a7b733a353a227461626c65223b733a31333a2266696c7465725f666f726d6174223b733a373a22636f6c756d6e73223b613a313a7b733a363a22666f726d6174223b733a363a22666f726d6174223b7d7d7d733a373a22696e6465786573223b613a313a7b733a363a22666f726d6174223b613a313a7b693a303b733a363a22666f726d6174223b7d7d7d, 1, 0, 0),
(2, 'body', 'text_with_summary', 'text', 1, 'field_sql_storage', 'field_sql_storage', 1, 0, 0x613a363a7b733a31323a22656e746974795f7479706573223b613a313a7b693a303b733a343a226e6f6465223b7d733a31323a227472616e736c617461626c65223b623a303b733a383a2273657474696e6773223b613a303a7b7d733a373a2273746f72616765223b613a343a7b733a343a2274797065223b733a31373a226669656c645f73716c5f73746f72616765223b733a383a2273657474696e6773223b613a303a7b7d733a363a226d6f64756c65223b733a31373a226669656c645f73716c5f73746f72616765223b733a363a22616374697665223b693a313b7d733a31323a22666f726569676e206b657973223b613a313a7b733a363a22666f726d6174223b613a323a7b733a353a227461626c65223b733a31333a2266696c7465725f666f726d6174223b733a373a22636f6c756d6e73223b613a313a7b733a363a22666f726d6174223b733a363a22666f726d6174223b7d7d7d733a373a22696e6465786573223b613a313a7b733a363a22666f726d6174223b613a313a7b693a303b733a363a22666f726d6174223b7d7d7d, 1, 0, 0),
(3, 'field_tags', 'taxonomy_term_reference', 'taxonomy', 1, 'field_sql_storage', 'field_sql_storage', 1, 0, 0x613a363a7b733a383a2273657474696e6773223b613a313a7b733a31343a22616c6c6f7765645f76616c756573223b613a313a7b693a303b613a323a7b733a31303a22766f636162756c617279223b733a343a2274616773223b733a363a22706172656e74223b693a303b7d7d7d733a31323a22656e746974795f7479706573223b613a303a7b7d733a31323a227472616e736c617461626c65223b623a303b733a373a2273746f72616765223b613a343a7b733a343a2274797065223b733a31373a226669656c645f73716c5f73746f72616765223b733a383a2273657474696e6773223b613a303a7b7d733a363a226d6f64756c65223b733a31373a226669656c645f73716c5f73746f72616765223b733a363a22616374697665223b693a313b7d733a31323a22666f726569676e206b657973223b613a313a7b733a333a22746964223b613a323a7b733a353a227461626c65223b733a31383a227461786f6e6f6d795f7465726d5f64617461223b733a373a22636f6c756d6e73223b613a313a7b733a333a22746964223b733a333a22746964223b7d7d7d733a373a22696e6465786573223b613a313a7b733a333a22746964223b613a313a7b693a303b733a333a22746964223b7d7d7d, -1, 0, 0),
(4, 'field_image', 'image', 'image', 1, 'field_sql_storage', 'field_sql_storage', 1, 0, 0x613a363a7b733a373a22696e6465786573223b613a313a7b733a333a22666964223b613a313a7b693a303b733a333a22666964223b7d7d733a383a2273657474696e6773223b613a323a7b733a31303a227572695f736368656d65223b733a363a227075626c6963223b733a31333a2264656661756c745f696d616765223b623a303b7d733a373a2273746f72616765223b613a343a7b733a343a2274797065223b733a31373a226669656c645f73716c5f73746f72616765223b733a383a2273657474696e6773223b613a303a7b7d733a363a226d6f64756c65223b733a31373a226669656c645f73716c5f73746f72616765223b733a363a22616374697665223b693a313b7d733a31323a22656e746974795f7479706573223b613a303a7b7d733a31323a227472616e736c617461626c65223b623a303b733a31323a22666f726569676e206b657973223b613a313a7b733a333a22666964223b613a323a7b733a353a227461626c65223b733a31323a2266696c655f6d616e61676564223b733a373a22636f6c756d6e73223b613a313a7b733a333a22666964223b733a333a22666964223b7d7d7d7d, 1, 0, 0),
(5, 'field_logo', 'image', 'image', 1, 'field_sql_storage', 'field_sql_storage', 1, 0, 0x613a373a7b733a31323a227472616e736c617461626c65223b733a313a2230223b733a31323a22656e746974795f7479706573223b613a303a7b7d733a383a2273657474696e6773223b613a323a7b733a31303a227572695f736368656d65223b733a363a227075626c6963223b733a31333a2264656661756c745f696d616765223b693a303b7d733a373a2273746f72616765223b613a353a7b733a343a2274797065223b733a31373a226669656c645f73716c5f73746f72616765223b733a383a2273657474696e6773223b613a303a7b7d733a363a226d6f64756c65223b733a31373a226669656c645f73716c5f73746f72616765223b733a363a22616374697665223b733a313a2231223b733a373a2264657461696c73223b613a313a7b733a333a2273716c223b613a323a7b733a31383a224649454c445f4c4f41445f43555252454e54223b613a313a7b733a32313a226669656c645f646174615f6669656c645f6c6f676f223b613a353a7b733a333a22666964223b733a31343a226669656c645f6c6f676f5f666964223b733a333a22616c74223b733a31343a226669656c645f6c6f676f5f616c74223b733a353a227469746c65223b733a31363a226669656c645f6c6f676f5f7469746c65223b733a353a227769647468223b733a31363a226669656c645f6c6f676f5f7769647468223b733a363a22686569676874223b733a31373a226669656c645f6c6f676f5f686569676874223b7d7d733a31393a224649454c445f4c4f41445f5245564953494f4e223b613a313a7b733a32353a226669656c645f7265766973696f6e5f6669656c645f6c6f676f223b613a353a7b733a333a22666964223b733a31343a226669656c645f6c6f676f5f666964223b733a333a22616c74223b733a31343a226669656c645f6c6f676f5f616c74223b733a353a227469746c65223b733a31363a226669656c645f6c6f676f5f7469746c65223b733a353a227769647468223b733a31363a226669656c645f6c6f676f5f7769647468223b733a363a22686569676874223b733a31373a226669656c645f6c6f676f5f686569676874223b7d7d7d7d7d733a31323a22666f726569676e206b657973223b613a313a7b733a333a22666964223b613a323a7b733a353a227461626c65223b733a31323a2266696c655f6d616e61676564223b733a373a22636f6c756d6e73223b613a313a7b733a333a22666964223b733a333a22666964223b7d7d7d733a373a22696e6465786573223b613a313a7b733a333a22666964223b613a313a7b693a303b733a333a22666964223b7d7d733a323a226964223b733a313a2235223b7d, 1, 0, 0),
(6, 'field_nav_logo', 'image', 'image', 1, 'field_sql_storage', 'field_sql_storage', 1, 0, 0x613a373a7b733a31323a227472616e736c617461626c65223b733a313a2230223b733a31323a22656e746974795f7479706573223b613a303a7b7d733a383a2273657474696e6773223b613a323a7b733a31303a227572695f736368656d65223b733a363a227075626c6963223b733a31333a2264656661756c745f696d616765223b693a303b7d733a373a2273746f72616765223b613a353a7b733a343a2274797065223b733a31373a226669656c645f73716c5f73746f72616765223b733a383a2273657474696e6773223b613a303a7b7d733a363a226d6f64756c65223b733a31373a226669656c645f73716c5f73746f72616765223b733a363a22616374697665223b733a313a2231223b733a373a2264657461696c73223b613a313a7b733a333a2273716c223b613a323a7b733a31383a224649454c445f4c4f41445f43555252454e54223b613a313a7b733a32353a226669656c645f646174615f6669656c645f6e61765f6c6f676f223b613a353a7b733a333a22666964223b733a31383a226669656c645f6e61765f6c6f676f5f666964223b733a333a22616c74223b733a31383a226669656c645f6e61765f6c6f676f5f616c74223b733a353a227469746c65223b733a32303a226669656c645f6e61765f6c6f676f5f7469746c65223b733a353a227769647468223b733a32303a226669656c645f6e61765f6c6f676f5f7769647468223b733a363a22686569676874223b733a32313a226669656c645f6e61765f6c6f676f5f686569676874223b7d7d733a31393a224649454c445f4c4f41445f5245564953494f4e223b613a313a7b733a32393a226669656c645f7265766973696f6e5f6669656c645f6e61765f6c6f676f223b613a353a7b733a333a22666964223b733a31383a226669656c645f6e61765f6c6f676f5f666964223b733a333a22616c74223b733a31383a226669656c645f6e61765f6c6f676f5f616c74223b733a353a227469746c65223b733a32303a226669656c645f6e61765f6c6f676f5f7469746c65223b733a353a227769647468223b733a32303a226669656c645f6e61765f6c6f676f5f7769647468223b733a363a22686569676874223b733a32313a226669656c645f6e61765f6c6f676f5f686569676874223b7d7d7d7d7d733a31323a22666f726569676e206b657973223b613a313a7b733a333a22666964223b613a323a7b733a353a227461626c65223b733a31323a2266696c655f6d616e61676564223b733a373a22636f6c756d6e73223b613a313a7b733a333a22666964223b733a333a22666964223b7d7d7d733a373a22696e6465786573223b613a313a7b733a333a22666964223b613a313a7b693a303b733a333a22666964223b7d7d733a323a226964223b733a313a2236223b7d, 1, 0, 0),
(7, 'field_nav_login', 'text', 'text', 1, 'field_sql_storage', 'field_sql_storage', 1, 0, 0x613a373a7b733a31323a227472616e736c617461626c65223b733a313a2230223b733a31323a22656e746974795f7479706573223b613a303a7b7d733a383a2273657474696e6773223b613a313a7b733a31303a226d61785f6c656e677468223b733a333a22323535223b7d733a373a2273746f72616765223b613a353a7b733a343a2274797065223b733a31373a226669656c645f73716c5f73746f72616765223b733a383a2273657474696e6773223b613a303a7b7d733a363a226d6f64756c65223b733a31373a226669656c645f73716c5f73746f72616765223b733a363a22616374697665223b733a313a2231223b733a373a2264657461696c73223b613a313a7b733a333a2273716c223b613a323a7b733a31383a224649454c445f4c4f41445f43555252454e54223b613a313a7b733a32363a226669656c645f646174615f6669656c645f6e61765f6c6f67696e223b613a323a7b733a353a2276616c7565223b733a32313a226669656c645f6e61765f6c6f67696e5f76616c7565223b733a363a22666f726d6174223b733a32323a226669656c645f6e61765f6c6f67696e5f666f726d6174223b7d7d733a31393a224649454c445f4c4f41445f5245564953494f4e223b613a313a7b733a33303a226669656c645f7265766973696f6e5f6669656c645f6e61765f6c6f67696e223b613a323a7b733a353a2276616c7565223b733a32313a226669656c645f6e61765f6c6f67696e5f76616c7565223b733a363a22666f726d6174223b733a32323a226669656c645f6e61765f6c6f67696e5f666f726d6174223b7d7d7d7d7d733a31323a22666f726569676e206b657973223b613a313a7b733a363a22666f726d6174223b613a323a7b733a353a227461626c65223b733a31333a2266696c7465725f666f726d6174223b733a373a22636f6c756d6e73223b613a313a7b733a363a22666f726d6174223b733a363a22666f726d6174223b7d7d7d733a373a22696e6465786573223b613a313a7b733a363a22666f726d6174223b613a313a7b693a303b733a363a22666f726d6174223b7d7d733a323a226964223b733a313a2237223b7d, 1, 0, 0),
(8, 'field_slideshow', 'field_collection', 'field_collection', 1, 'field_sql_storage', 'field_sql_storage', 1, 0, 0x613a373a7b733a31323a227472616e736c617461626c65223b733a313a2230223b733a31323a22656e746974795f7479706573223b613a303a7b7d733a383a2273657474696e6773223b613a333a7b733a31363a22686964655f626c616e6b5f6974656d73223b693a313b733a31373a22686964655f696e697469616c5f6974656d223b693a303b733a343a2270617468223b733a303a22223b7d733a373a2273746f72616765223b613a353a7b733a343a2274797065223b733a31373a226669656c645f73716c5f73746f72616765223b733a383a2273657474696e6773223b613a303a7b7d733a363a226d6f64756c65223b733a31373a226669656c645f73716c5f73746f72616765223b733a363a22616374697665223b733a313a2231223b733a373a2264657461696c73223b613a313a7b733a333a2273716c223b613a323a7b733a31383a224649454c445f4c4f41445f43555252454e54223b613a313a7b733a32363a226669656c645f646174615f6669656c645f736c69646573686f77223b613a323a7b733a353a2276616c7565223b733a32313a226669656c645f736c69646573686f775f76616c7565223b733a31313a227265766973696f6e5f6964223b733a32373a226669656c645f736c69646573686f775f7265766973696f6e5f6964223b7d7d733a31393a224649454c445f4c4f41445f5245564953494f4e223b613a313a7b733a33303a226669656c645f7265766973696f6e5f6669656c645f736c69646573686f77223b613a323a7b733a353a2276616c7565223b733a32313a226669656c645f736c69646573686f775f76616c7565223b733a31313a227265766973696f6e5f6964223b733a32373a226669656c645f736c69646573686f775f7265766973696f6e5f6964223b7d7d7d7d7d733a31323a22666f726569676e206b657973223b613a303a7b7d733a373a22696e6465786573223b613a323a7b733a353a2276616c7565223b613a313a7b693a303b733a353a2276616c7565223b7d733a31313a227265766973696f6e5f6964223b613a313a7b693a303b733a31313a227265766973696f6e5f6964223b7d7d733a323a226964223b733a313a2238223b7d, -1, 0, 0),
(9, 'field_text_slide', 'text_long', 'text', 1, 'field_sql_storage', 'field_sql_storage', 1, 0, 0x613a373a7b733a31323a227472616e736c617461626c65223b733a313a2230223b733a31323a22656e746974795f7479706573223b613a303a7b7d733a383a2273657474696e6773223b613a303a7b7d733a373a2273746f72616765223b613a353a7b733a343a2274797065223b733a31373a226669656c645f73716c5f73746f72616765223b733a383a2273657474696e6773223b613a303a7b7d733a363a226d6f64756c65223b733a31373a226669656c645f73716c5f73746f72616765223b733a363a22616374697665223b733a313a2231223b733a373a2264657461696c73223b613a313a7b733a333a2273716c223b613a323a7b733a31383a224649454c445f4c4f41445f43555252454e54223b613a313a7b733a32373a226669656c645f646174615f6669656c645f746578745f736c696465223b613a323a7b733a353a2276616c7565223b733a32323a226669656c645f746578745f736c6964655f76616c7565223b733a363a22666f726d6174223b733a32333a226669656c645f746578745f736c6964655f666f726d6174223b7d7d733a31393a224649454c445f4c4f41445f5245564953494f4e223b613a313a7b733a33313a226669656c645f7265766973696f6e5f6669656c645f746578745f736c696465223b613a323a7b733a353a2276616c7565223b733a32323a226669656c645f746578745f736c6964655f76616c7565223b733a363a22666f726d6174223b733a32333a226669656c645f746578745f736c6964655f666f726d6174223b7d7d7d7d7d733a31323a22666f726569676e206b657973223b613a313a7b733a363a22666f726d6174223b613a323a7b733a353a227461626c65223b733a31333a2266696c7465725f666f726d6174223b733a373a22636f6c756d6e73223b613a313a7b733a363a22666f726d6174223b733a363a22666f726d6174223b7d7d7d733a373a22696e6465786573223b613a313a7b733a363a22666f726d6174223b613a313a7b693a303b733a363a22666f726d6174223b7d7d733a323a226964223b733a313a2239223b7d, 1, 0, 0),
(10, 'field_text_left', 'text_long', 'text', 1, 'field_sql_storage', 'field_sql_storage', 1, 0, 0x613a373a7b733a31323a227472616e736c617461626c65223b733a313a2230223b733a31323a22656e746974795f7479706573223b613a303a7b7d733a383a2273657474696e6773223b613a303a7b7d733a373a2273746f72616765223b613a353a7b733a343a2274797065223b733a31373a226669656c645f73716c5f73746f72616765223b733a383a2273657474696e6773223b613a303a7b7d733a363a226d6f64756c65223b733a31373a226669656c645f73716c5f73746f72616765223b733a363a22616374697665223b733a313a2231223b733a373a2264657461696c73223b613a313a7b733a333a2273716c223b613a323a7b733a31383a224649454c445f4c4f41445f43555252454e54223b613a313a7b733a32363a226669656c645f646174615f6669656c645f746578745f6c656674223b613a323a7b733a353a2276616c7565223b733a32313a226669656c645f746578745f6c6566745f76616c7565223b733a363a22666f726d6174223b733a32323a226669656c645f746578745f6c6566745f666f726d6174223b7d7d733a31393a224649454c445f4c4f41445f5245564953494f4e223b613a313a7b733a33303a226669656c645f7265766973696f6e5f6669656c645f746578745f6c656674223b613a323a7b733a353a2276616c7565223b733a32313a226669656c645f746578745f6c6566745f76616c7565223b733a363a22666f726d6174223b733a32323a226669656c645f746578745f6c6566745f666f726d6174223b7d7d7d7d7d733a31323a22666f726569676e206b657973223b613a313a7b733a363a22666f726d6174223b613a323a7b733a353a227461626c65223b733a31333a2266696c7465725f666f726d6174223b733a373a22636f6c756d6e73223b613a313a7b733a363a22666f726d6174223b733a363a22666f726d6174223b7d7d7d733a373a22696e6465786573223b613a313a7b733a363a22666f726d6174223b613a313a7b693a303b733a363a22666f726d6174223b7d7d733a323a226964223b733a323a223130223b7d, 1, 0, 0),
(11, 'field_text_right', 'text_long', 'text', 1, 'field_sql_storage', 'field_sql_storage', 1, 0, 0x613a373a7b733a31323a227472616e736c617461626c65223b733a313a2230223b733a31323a22656e746974795f7479706573223b613a303a7b7d733a383a2273657474696e6773223b613a303a7b7d733a373a2273746f72616765223b613a353a7b733a343a2274797065223b733a31373a226669656c645f73716c5f73746f72616765223b733a383a2273657474696e6773223b613a303a7b7d733a363a226d6f64756c65223b733a31373a226669656c645f73716c5f73746f72616765223b733a363a22616374697665223b733a313a2231223b733a373a2264657461696c73223b613a313a7b733a333a2273716c223b613a323a7b733a31383a224649454c445f4c4f41445f43555252454e54223b613a313a7b733a32373a226669656c645f646174615f6669656c645f746578745f7269676874223b613a323a7b733a353a2276616c7565223b733a32323a226669656c645f746578745f72696768745f76616c7565223b733a363a22666f726d6174223b733a32333a226669656c645f746578745f72696768745f666f726d6174223b7d7d733a31393a224649454c445f4c4f41445f5245564953494f4e223b613a313a7b733a33313a226669656c645f7265766973696f6e5f6669656c645f746578745f7269676874223b613a323a7b733a353a2276616c7565223b733a32323a226669656c645f746578745f72696768745f76616c7565223b733a363a22666f726d6174223b733a32333a226669656c645f746578745f72696768745f666f726d6174223b7d7d7d7d7d733a31323a22666f726569676e206b657973223b613a313a7b733a363a22666f726d6174223b613a323a7b733a353a227461626c65223b733a31333a2266696c7465725f666f726d6174223b733a373a22636f6c756d6e73223b613a313a7b733a363a22666f726d6174223b733a363a22666f726d6174223b7d7d7d733a373a22696e6465786573223b613a313a7b733a363a22666f726d6174223b613a313a7b693a303b733a363a22666f726d6174223b7d7d733a323a226964223b733a323a223131223b7d, 1, 0, 0),
(12, 'field_google_map', 'google_map_field', 'google_map_field', 1, 'field_sql_storage', 'field_sql_storage', 1, 0, 0x613a373a7b733a31323a227472616e736c617461626c65223b733a313a2230223b733a31323a22656e746974795f7479706573223b613a303a7b7d733a383a2273657474696e6773223b613a303a7b7d733a373a2273746f72616765223b613a353a7b733a343a2274797065223b733a31373a226669656c645f73716c5f73746f72616765223b733a383a2273657474696e6773223b613a303a7b7d733a363a226d6f64756c65223b733a31373a226669656c645f73716c5f73746f72616765223b733a363a22616374697665223b733a313a2231223b733a373a2264657461696c73223b613a313a7b733a333a2273716c223b613a323a7b733a31383a224649454c445f4c4f41445f43555252454e54223b613a313a7b733a32373a226669656c645f646174615f6669656c645f676f6f676c655f6d6170223b613a363a7b733a333a226c6174223b733a32303a226669656c645f676f6f676c655f6d61705f6c6174223b733a333a226c6f6e223b733a32303a226669656c645f676f6f676c655f6d61705f6c6f6e223b733a393a226d61705f7769647468223b733a32363a226669656c645f676f6f676c655f6d61705f6d61705f7769647468223b733a31303a226d61705f686569676874223b733a32373a226669656c645f676f6f676c655f6d61705f6d61705f686569676874223b733a343a227a6f6f6d223b733a32313a226669656c645f676f6f676c655f6d61705f7a6f6f6d223b733a343a226e616d65223b733a32313a226669656c645f676f6f676c655f6d61705f6e616d65223b7d7d733a31393a224649454c445f4c4f41445f5245564953494f4e223b613a313a7b733a33313a226669656c645f7265766973696f6e5f6669656c645f676f6f676c655f6d6170223b613a363a7b733a333a226c6174223b733a32303a226669656c645f676f6f676c655f6d61705f6c6174223b733a333a226c6f6e223b733a32303a226669656c645f676f6f676c655f6d61705f6c6f6e223b733a393a226d61705f7769647468223b733a32363a226669656c645f676f6f676c655f6d61705f6d61705f7769647468223b733a31303a226d61705f686569676874223b733a32373a226669656c645f676f6f676c655f6d61705f6d61705f686569676874223b733a343a227a6f6f6d223b733a32313a226669656c645f676f6f676c655f6d61705f7a6f6f6d223b733a343a226e616d65223b733a32313a226669656c645f676f6f676c655f6d61705f6e616d65223b7d7d7d7d7d733a31323a22666f726569676e206b657973223b613a303a7b7d733a373a22696e6465786573223b613a303a7b7d733a323a226964223b733a323a223132223b7d, 1, 0, 0),
(13, 'field_footer', 'text_long', 'text', 1, 'field_sql_storage', 'field_sql_storage', 1, 0, 0x613a373a7b733a31323a227472616e736c617461626c65223b733a313a2230223b733a31323a22656e746974795f7479706573223b613a303a7b7d733a383a2273657474696e6773223b613a303a7b7d733a373a2273746f72616765223b613a353a7b733a343a2274797065223b733a31373a226669656c645f73716c5f73746f72616765223b733a383a2273657474696e6773223b613a303a7b7d733a363a226d6f64756c65223b733a31373a226669656c645f73716c5f73746f72616765223b733a363a22616374697665223b733a313a2231223b733a373a2264657461696c73223b613a313a7b733a333a2273716c223b613a323a7b733a31383a224649454c445f4c4f41445f43555252454e54223b613a313a7b733a32333a226669656c645f646174615f6669656c645f666f6f746572223b613a323a7b733a353a2276616c7565223b733a31383a226669656c645f666f6f7465725f76616c7565223b733a363a22666f726d6174223b733a31393a226669656c645f666f6f7465725f666f726d6174223b7d7d733a31393a224649454c445f4c4f41445f5245564953494f4e223b613a313a7b733a32373a226669656c645f7265766973696f6e5f6669656c645f666f6f746572223b613a323a7b733a353a2276616c7565223b733a31383a226669656c645f666f6f7465725f76616c7565223b733a363a22666f726d6174223b733a31393a226669656c645f666f6f7465725f666f726d6174223b7d7d7d7d7d733a31323a22666f726569676e206b657973223b613a313a7b733a363a22666f726d6174223b613a323a7b733a353a227461626c65223b733a31333a2266696c7465725f666f726d6174223b733a373a22636f6c756d6e73223b613a313a7b733a363a22666f726d6174223b733a363a22666f726d6174223b7d7d7d733a373a22696e6465786573223b613a313a7b733a363a22666f726d6174223b613a313a7b693a303b733a363a22666f726d6174223b7d7d733a323a226964223b733a323a223133223b7d, 1, 0, 0),
(14, 'field_images', 'image', 'image', 1, 'field_sql_storage', 'field_sql_storage', 1, 0, 0x613a373a7b733a31323a227472616e736c617461626c65223b733a313a2230223b733a31323a22656e746974795f7479706573223b613a303a7b7d733a383a2273657474696e6773223b613a323a7b733a31303a227572695f736368656d65223b733a363a227075626c6963223b733a31333a2264656661756c745f696d616765223b693a303b7d733a373a2273746f72616765223b613a353a7b733a343a2274797065223b733a31373a226669656c645f73716c5f73746f72616765223b733a383a2273657474696e6773223b613a303a7b7d733a363a226d6f64756c65223b733a31373a226669656c645f73716c5f73746f72616765223b733a363a22616374697665223b733a313a2231223b733a373a2264657461696c73223b613a313a7b733a333a2273716c223b613a323a7b733a31383a224649454c445f4c4f41445f43555252454e54223b613a313a7b733a32333a226669656c645f646174615f6669656c645f696d61676573223b613a353a7b733a333a22666964223b733a31363a226669656c645f696d616765735f666964223b733a333a22616c74223b733a31363a226669656c645f696d616765735f616c74223b733a353a227469746c65223b733a31383a226669656c645f696d616765735f7469746c65223b733a353a227769647468223b733a31383a226669656c645f696d616765735f7769647468223b733a363a22686569676874223b733a31393a226669656c645f696d616765735f686569676874223b7d7d733a31393a224649454c445f4c4f41445f5245564953494f4e223b613a313a7b733a32373a226669656c645f7265766973696f6e5f6669656c645f696d61676573223b613a353a7b733a333a22666964223b733a31363a226669656c645f696d616765735f666964223b733a333a22616c74223b733a31363a226669656c645f696d616765735f616c74223b733a353a227469746c65223b733a31383a226669656c645f696d616765735f7469746c65223b733a353a227769647468223b733a31383a226669656c645f696d616765735f7769647468223b733a363a22686569676874223b733a31393a226669656c645f696d616765735f686569676874223b7d7d7d7d7d733a31323a22666f726569676e206b657973223b613a313a7b733a333a22666964223b613a323a7b733a353a227461626c65223b733a31323a2266696c655f6d616e61676564223b733a373a22636f6c756d6e73223b613a313a7b733a333a22666964223b733a333a22666964223b7d7d7d733a373a22696e6465786573223b613a313a7b733a333a22666964223b613a313a7b693a303b733a333a22666964223b7d7d733a323a226964223b733a323a223134223b7d, -1, 0, 0);

-- --------------------------------------------------------

--
-- Table structure for table `field_config_instance`
--

CREATE TABLE `field_config_instance` (
  `id` int(11) NOT NULL COMMENT 'The primary identifier for a field instance',
  `field_id` int(11) NOT NULL COMMENT 'The identifier of the field attached by this instance',
  `field_name` varchar(32) NOT NULL DEFAULT '',
  `entity_type` varchar(32) NOT NULL DEFAULT '',
  `bundle` varchar(128) NOT NULL DEFAULT '',
  `data` longblob NOT NULL,
  `deleted` tinyint(4) NOT NULL DEFAULT '0'
) ENGINE=InnoDB DEFAULT CHARSET=utf8;

--
-- Dumping data for table `field_config_instance`
--

INSERT INTO `field_config_instance` (`id`, `field_id`, `field_name`, `entity_type`, `bundle`, `data`, `deleted`) VALUES
(1, 1, 'comment_body', 'comment', 'comment_node_page', 0x613a363a7b733a353a226c6162656c223b733a373a22436f6d6d656e74223b733a383a2273657474696e6773223b613a323a7b733a31353a22746578745f70726f63657373696e67223b693a313b733a31383a22757365725f72656769737465725f666f726d223b623a303b7d733a383a227265717569726564223b623a313b733a373a22646973706c6179223b613a313a7b733a373a2264656661756c74223b613a353a7b733a353a226c6162656c223b733a363a2268696464656e223b733a343a2274797065223b733a31323a22746578745f64656661756c74223b733a363a22776569676874223b693a303b733a383a2273657474696e6773223b613a303a7b7d733a363a226d6f64756c65223b733a343a2274657874223b7d7d733a363a22776964676574223b613a343a7b733a343a2274797065223b733a31333a22746578745f7465787461726561223b733a383a2273657474696e6773223b613a313a7b733a343a22726f7773223b693a353b7d733a363a22776569676874223b693a303b733a363a226d6f64756c65223b733a343a2274657874223b7d733a31313a226465736372697074696f6e223b733a303a22223b7d, 0),
(2, 2, 'body', 'node', 'page', 0x613a363a7b733a353a226c6162656c223b733a343a22426f6479223b733a363a22776964676574223b613a343a7b733a343a2274797065223b733a32363a22746578745f74657874617265615f776974685f73756d6d617279223b733a383a2273657474696e6773223b613a323a7b733a343a22726f7773223b693a32303b733a31323a2273756d6d6172795f726f7773223b693a353b7d733a363a22776569676874223b733a313a2231223b733a363a226d6f64756c65223b733a343a2274657874223b7d733a383a2273657474696e6773223b613a333a7b733a31353a22646973706c61795f73756d6d617279223b623a313b733a31353a22746578745f70726f63657373696e67223b693a313b733a31383a22757365725f72656769737465725f666f726d223b623a303b7d733a373a22646973706c6179223b613a323a7b733a373a2264656661756c74223b613a343a7b733a353a226c6162656c223b733a363a2268696464656e223b733a343a2274797065223b733a363a2268696464656e223b733a363a22776569676874223b733a313a2230223b733a383a2273657474696e6773223b613a303a7b7d7d733a363a22746561736572223b613a353a7b733a353a226c6162656c223b733a363a2268696464656e223b733a343a2274797065223b733a32333a22746578745f73756d6d6172795f6f725f7472696d6d6564223b733a383a2273657474696e6773223b613a313a7b733a31313a227472696d5f6c656e677468223b693a3630303b7d733a363a226d6f64756c65223b733a343a2274657874223b733a363a22776569676874223b693a303b7d7d733a383a227265717569726564223b623a303b733a31313a226465736372697074696f6e223b733a303a22223b7d, 0),
(3, 1, 'comment_body', 'comment', 'comment_node_article', 0x613a363a7b733a353a226c6162656c223b733a373a22436f6d6d656e74223b733a383a2273657474696e6773223b613a323a7b733a31353a22746578745f70726f63657373696e67223b693a313b733a31383a22757365725f72656769737465725f666f726d223b623a303b7d733a383a227265717569726564223b623a313b733a373a22646973706c6179223b613a313a7b733a373a2264656661756c74223b613a353a7b733a353a226c6162656c223b733a363a2268696464656e223b733a343a2274797065223b733a31323a22746578745f64656661756c74223b733a363a22776569676874223b693a303b733a383a2273657474696e6773223b613a303a7b7d733a363a226d6f64756c65223b733a343a2274657874223b7d7d733a363a22776964676574223b613a343a7b733a343a2274797065223b733a31333a22746578745f7465787461726561223b733a383a2273657474696e6773223b613a313a7b733a343a22726f7773223b693a353b7d733a363a22776569676874223b693a303b733a363a226d6f64756c65223b733a343a2274657874223b7d733a31313a226465736372697074696f6e223b733a303a22223b7d, 0),
(4, 2, 'body', 'node', 'article', 0x613a363a7b733a353a226c6162656c223b733a343a22426f6479223b733a363a22776964676574223b613a343a7b733a343a2274797065223b733a32363a22746578745f74657874617265615f776974685f73756d6d617279223b733a383a2273657474696e6773223b613a323a7b733a343a22726f7773223b693a32303b733a31323a2273756d6d6172795f726f7773223b693a353b7d733a363a22776569676874223b693a2d343b733a363a226d6f64756c65223b733a343a2274657874223b7d733a383a2273657474696e6773223b613a333a7b733a31353a22646973706c61795f73756d6d617279223b623a313b733a31353a22746578745f70726f63657373696e67223b693a313b733a31383a22757365725f72656769737465725f666f726d223b623a303b7d733a373a22646973706c6179223b613a323a7b733a373a2264656661756c74223b613a353a7b733a353a226c6162656c223b733a363a2268696464656e223b733a343a2274797065223b733a31323a22746578745f64656661756c74223b733a383a2273657474696e6773223b613a303a7b7d733a363a226d6f64756c65223b733a343a2274657874223b733a363a22776569676874223b693a303b7d733a363a22746561736572223b613a353a7b733a353a226c6162656c223b733a363a2268696464656e223b733a343a2274797065223b733a32333a22746578745f73756d6d6172795f6f725f7472696d6d6564223b733a383a2273657474696e6773223b613a313a7b733a31313a227472696d5f6c656e677468223b693a3630303b7d733a363a226d6f64756c65223b733a343a2274657874223b733a363a22776569676874223b693a303b7d7d733a383a227265717569726564223b623a303b733a31313a226465736372697074696f6e223b733a303a22223b7d, 0),
(5, 3, 'field_tags', 'node', 'article', 0x613a363a7b733a353a226c6162656c223b733a343a2254616773223b733a31313a226465736372697074696f6e223b733a36333a22456e746572206120636f6d6d612d736570617261746564206c697374206f6620776f72647320746f20646573637269626520796f757220636f6e74656e742e223b733a363a22776964676574223b613a343a7b733a343a2274797065223b733a32313a227461786f6e6f6d795f6175746f636f6d706c657465223b733a363a22776569676874223b693a2d343b733a383a2273657474696e6773223b613a323a7b733a343a2273697a65223b693a36303b733a31373a226175746f636f6d706c6574655f70617468223b733a32313a227461786f6e6f6d792f6175746f636f6d706c657465223b7d733a363a226d6f64756c65223b733a383a227461786f6e6f6d79223b7d733a373a22646973706c6179223b613a323a7b733a373a2264656661756c74223b613a353a7b733a343a2274797065223b733a32383a227461786f6e6f6d795f7465726d5f7265666572656e63655f6c696e6b223b733a363a22776569676874223b693a31303b733a353a226c6162656c223b733a353a2261626f7665223b733a383a2273657474696e6773223b613a303a7b7d733a363a226d6f64756c65223b733a383a227461786f6e6f6d79223b7d733a363a22746561736572223b613a353a7b733a343a2274797065223b733a32383a227461786f6e6f6d795f7465726d5f7265666572656e63655f6c696e6b223b733a363a22776569676874223b693a31303b733a353a226c6162656c223b733a353a2261626f7665223b733a383a2273657474696e6773223b613a303a7b7d733a363a226d6f64756c65223b733a383a227461786f6e6f6d79223b7d7d733a383a2273657474696e6773223b613a313a7b733a31383a22757365725f72656769737465725f666f726d223b623a303b7d733a383a227265717569726564223b623a303b7d, 0),
(6, 4, 'field_image', 'node', 'article', 0x613a363a7b733a353a226c6162656c223b733a353a22496d616765223b733a31313a226465736372697074696f6e223b733a34303a2255706c6f616420616e20696d61676520746f20676f207769746820746869732061727469636c652e223b733a383a227265717569726564223b623a303b733a383a2273657474696e6773223b613a393a7b733a31343a2266696c655f6469726563746f7279223b733a31313a226669656c642f696d616765223b733a31353a2266696c655f657874656e73696f6e73223b733a31363a22706e6720676966206a7067206a706567223b733a31323a226d61785f66696c6573697a65223b733a303a22223b733a31343a226d61785f7265736f6c7574696f6e223b733a303a22223b733a31343a226d696e5f7265736f6c7574696f6e223b733a303a22223b733a393a22616c745f6669656c64223b623a313b733a31313a227469746c655f6669656c64223b733a303a22223b733a31333a2264656661756c745f696d616765223b693a303b733a31383a22757365725f72656769737465725f666f726d223b623a303b7d733a363a22776964676574223b613a343a7b733a343a2274797065223b733a31313a22696d6167655f696d616765223b733a383a2273657474696e6773223b613a323a7b733a31383a2270726f67726573735f696e64696361746f72223b733a383a227468726f62626572223b733a31393a22707265766965775f696d6167655f7374796c65223b733a393a227468756d626e61696c223b7d733a363a22776569676874223b693a2d313b733a363a226d6f64756c65223b733a353a22696d616765223b7d733a373a22646973706c6179223b613a323a7b733a373a2264656661756c74223b613a353a7b733a353a226c6162656c223b733a363a2268696464656e223b733a343a2274797065223b733a353a22696d616765223b733a383a2273657474696e6773223b613a323a7b733a31313a22696d6167655f7374796c65223b733a353a226c61726765223b733a31303a22696d6167655f6c696e6b223b733a303a22223b7d733a363a22776569676874223b693a2d313b733a363a226d6f64756c65223b733a353a22696d616765223b7d733a363a22746561736572223b613a353a7b733a353a226c6162656c223b733a363a2268696464656e223b733a343a2274797065223b733a353a22696d616765223b733a383a2273657474696e6773223b613a323a7b733a31313a22696d6167655f7374796c65223b733a363a226d656469756d223b733a31303a22696d6167655f6c696e6b223b733a373a22636f6e74656e74223b7d733a363a22776569676874223b693a2d313b733a363a226d6f64756c65223b733a353a22696d616765223b7d7d7d, 0),
(7, 5, 'field_logo', 'node', 'page', 0x613a363a7b733a353a226c6162656c223b733a343a224c6f676f223b733a363a22776964676574223b613a353a7b733a363a22776569676874223b733a313a2238223b733a343a2274797065223b733a31313a22696d6167655f696d616765223b733a363a226d6f64756c65223b733a353a22696d616765223b733a363a22616374697665223b693a313b733a383a2273657474696e6773223b613a323a7b733a31383a2270726f67726573735f696e64696361746f72223b733a383a227468726f62626572223b733a31393a22707265766965775f696d6167655f7374796c65223b733a393a227468756d626e61696c223b7d7d733a383a2273657474696e6773223b613a393a7b733a31343a2266696c655f6469726563746f7279223b733a303a22223b733a31353a2266696c655f657874656e73696f6e73223b733a31363a22706e6720676966206a7067206a706567223b733a31323a226d61785f66696c6573697a65223b733a303a22223b733a31343a226d61785f7265736f6c7574696f6e223b733a303a22223b733a31343a226d696e5f7265736f6c7574696f6e223b733a303a22223b733a393a22616c745f6669656c64223b693a313b733a31313a227469746c655f6669656c64223b693a303b733a31333a2264656661756c745f696d616765223b693a303b733a31383a22757365725f72656769737465725f666f726d223b623a303b7d733a373a22646973706c6179223b613a313a7b733a373a2264656661756c74223b613a343a7b733a353a226c6162656c223b733a363a2268696464656e223b733a343a2274797065223b733a363a2268696464656e223b733a363a22776569676874223b733a313a2232223b733a383a2273657474696e6773223b613a303a7b7d7d7d733a383a227265717569726564223b693a303b733a31313a226465736372697074696f6e223b733a303a22223b7d, 0),
(8, 6, 'field_nav_logo', 'node', 'page', 0x613a363a7b733a353a226c6162656c223b733a343a224c6f676f223b733a363a22776964676574223b613a353a7b733a363a22776569676874223b733a313a2236223b733a343a2274797065223b733a31313a22696d6167655f696d616765223b733a363a226d6f64756c65223b733a353a22696d616765223b733a363a22616374697665223b693a313b733a383a2273657474696e6773223b613a323a7b733a31383a2270726f67726573735f696e64696361746f72223b733a383a227468726f62626572223b733a31393a22707265766965775f696d6167655f7374796c65223b733a393a227468756d626e61696c223b7d7d733a383a2273657474696e6773223b613a393a7b733a31343a2266696c655f6469726563746f7279223b733a303a22223b733a31353a2266696c655f657874656e73696f6e73223b733a31363a22706e6720676966206a7067206a706567223b733a31323a226d61785f66696c6573697a65223b733a303a22223b733a31343a226d61785f7265736f6c7574696f6e223b733a303a22223b733a31343a226d696e5f7265736f6c7574696f6e223b733a303a22223b733a393a22616c745f6669656c64223b693a313b733a31313a227469746c655f6669656c64223b693a303b733a31333a2264656661756c745f696d616765223b693a303b733a31383a22757365725f72656769737465725f666f726d223b623a303b7d733a373a22646973706c6179223b613a313a7b733a373a2264656661756c74223b613a343a7b733a353a226c6162656c223b733a363a2268696464656e223b733a343a2274797065223b733a363a2268696464656e223b733a363a22776569676874223b733a313a2236223b733a383a2273657474696e6773223b613a303a7b7d7d7d733a383a227265717569726564223b693a303b733a31313a226465736372697074696f6e223b733a303a22223b7d, 0),
(9, 7, 'field_nav_login', 'node', 'page', 0x613a373a7b733a353a226c6162656c223b733a31313a224c6f67696e2070616e656c223b733a363a22776964676574223b613a353a7b733a363a22776569676874223b733a313a2237223b733a343a2274797065223b733a31343a22746578745f746578746669656c64223b733a363a226d6f64756c65223b733a343a2274657874223b733a363a22616374697665223b693a313b733a383a2273657474696e6773223b613a313a7b733a343a2273697a65223b733a323a223630223b7d7d733a383a2273657474696e6773223b613a323a7b733a31353a22746578745f70726f63657373696e67223b733a313a2230223b733a31383a22757365725f72656769737465725f666f726d223b623a303b7d733a373a22646973706c6179223b613a313a7b733a373a2264656661756c74223b613a343a7b733a353a226c6162656c223b733a363a2268696464656e223b733a343a2274797065223b733a363a2268696464656e223b733a363a22776569676874223b733a313a2234223b733a383a2273657474696e6773223b613a303a7b7d7d7d733a383a227265717569726564223b693a303b733a31313a226465736372697074696f6e223b733a303a22223b733a31333a2264656661756c745f76616c7565223b4e3b7d, 0),
(10, 8, 'field_slideshow', 'node', 'page', 0x613a373a7b733a353a226c6162656c223b733a393a22536c69646573686f77223b733a363a22776964676574223b613a353a7b733a363a22776569676874223b733a313a2239223b733a343a2274797065223b733a32323a226669656c645f636f6c6c656374696f6e5f656d626564223b733a363a226d6f64756c65223b733a31363a226669656c645f636f6c6c656374696f6e223b733a363a22616374697665223b693a303b733a383a2273657474696e6773223b613a303a7b7d7d733a383a2273657474696e6773223b613a313a7b733a31383a22757365725f72656769737465725f666f726d223b623a303b7d733a373a22646973706c6179223b613a313a7b733a373a2264656661756c74223b613a343a7b733a353a226c6162656c223b733a363a2268696464656e223b733a343a2274797065223b733a363a2268696464656e223b733a363a22776569676874223b733a313a2237223b733a383a2273657474696e6773223b613a303a7b7d7d7d733a383a227265717569726564223b693a303b733a31313a226465736372697074696f6e223b733a303a22223b733a31333a2264656661756c745f76616c7565223b4e3b7d, 0),
(11, 9, 'field_text_slide', 'node', 'page', 0x613a373a7b733a353a226c6162656c223b733a31333a2254656b737420536c6964657261223b733a363a22776964676574223b613a353a7b733a363a22776569676874223b733a323a223130223b733a343a2274797065223b733a31333a22746578745f7465787461726561223b733a363a226d6f64756c65223b733a343a2274657874223b733a363a22616374697665223b693a313b733a383a2273657474696e6773223b613a313a7b733a343a22726f7773223b733a323a223230223b7d7d733a383a2273657474696e6773223b613a323a7b733a31353a22746578745f70726f63657373696e67223b733a313a2231223b733a31383a22757365725f72656769737465725f666f726d223b623a303b7d733a373a22646973706c6179223b613a313a7b733a373a2264656661756c74223b613a343a7b733a353a226c6162656c223b733a363a2268696464656e223b733a343a2274797065223b733a363a2268696464656e223b733a363a22776569676874223b733a313a2233223b733a383a2273657474696e6773223b613a303a7b7d7d7d733a383a227265717569726564223b693a303b733a31313a226465736372697074696f6e223b733a303a22223b733a31333a2264656661756c745f76616c7565223b4e3b7d, 0),
(12, 10, 'field_text_left', 'node', 'page', 0x613a373a7b733a353a226c6162656c223b733a31303a2254656b7374206c657779223b733a363a22776964676574223b613a353a7b733a363a22776569676874223b733a323a223131223b733a343a2274797065223b733a31333a22746578745f7465787461726561223b733a363a226d6f64756c65223b733a343a2274657874223b733a363a22616374697665223b693a313b733a383a2273657474696e6773223b613a313a7b733a343a22726f7773223b733a323a223230223b7d7d733a383a2273657474696e6773223b613a323a7b733a31353a22746578745f70726f63657373696e67223b733a313a2231223b733a31383a22757365725f72656769737465725f666f726d223b623a303b7d733a373a22646973706c6179223b613a313a7b733a373a2264656661756c74223b613a343a7b733a353a226c6162656c223b733a363a2268696464656e223b733a343a2274797065223b733a363a2268696464656e223b733a363a22776569676874223b733a313a2238223b733a383a2273657474696e6773223b613a303a7b7d7d7d733a383a227265717569726564223b693a303b733a31313a226465736372697074696f6e223b733a303a22223b733a31333a2264656661756c745f76616c7565223b4e3b7d, 0),
(13, 11, 'field_text_right', 'node', 'page', 0x613a373a7b733a353a226c6162656c223b733a31313a2254656b7374207072617779223b733a363a22776964676574223b613a353a7b733a363a22776569676874223b733a323a223132223b733a343a2274797065223b733a31333a22746578745f7465787461726561223b733a363a226d6f64756c65223b733a343a2274657874223b733a363a22616374697665223b693a313b733a383a2273657474696e6773223b613a313a7b733a343a22726f7773223b733a323a223230223b7d7d733a383a2273657474696e6773223b613a323a7b733a31353a22746578745f70726f63657373696e67223b733a313a2231223b733a31383a22757365725f72656769737465725f666f726d223b623a303b7d733a373a22646973706c6179223b613a313a7b733a373a2264656661756c74223b613a343a7b733a353a226c6162656c223b733a363a2268696464656e223b733a343a2274797065223b733a363a2268696464656e223b733a363a22776569676874223b733a313a2235223b733a383a2273657474696e6773223b613a303a7b7d7d7d733a383a227265717569726564223b693a303b733a31313a226465736372697074696f6e223b733a303a22223b733a31333a2264656661756c745f76616c7565223b4e3b7d, 0),
(14, 12, 'field_google_map', 'node', 'page', 0x613a373a7b733a353a226c6162656c223b733a31303a22476f6f676c65206d6170223b733a363a22776964676574223b613a353a7b733a363a22776569676874223b733a313a2236223b733a343a2274797065223b733a32333a22676f6f676c655f6d61705f6669656c645f776964676574223b733a363a226d6f64756c65223b733a31363a22676f6f676c655f6d61705f6669656c64223b733a363a22616374697665223b693a303b733a383a2273657474696e6773223b613a303a7b7d7d733a383a2273657474696e6773223b613a313a7b733a31383a22757365725f72656769737465725f666f726d223b623a303b7d733a373a22646973706c6179223b613a313a7b733a373a2264656661756c74223b613a343a7b733a353a226c6162656c223b733a363a2268696464656e223b733a343a2274797065223b733a363a2268696464656e223b733a363a22776569676874223b733a313a2239223b733a383a2273657474696e6773223b613a303a7b7d7d7d733a383a227265717569726564223b693a303b733a31313a226465736372697074696f6e223b733a303a22223b733a31333a2264656661756c745f76616c7565223b4e3b7d, 0),
(15, 13, 'field_footer', 'node', 'page', 0x613a373a7b733a353a226c6162656c223b733a363a22466f6f746572223b733a363a22776964676574223b613a353a7b733a363a22776569676874223b733a313a2238223b733a343a2274797065223b733a31333a22746578745f7465787461726561223b733a363a226d6f64756c65223b733a343a2274657874223b733a363a22616374697665223b693a313b733a383a2273657474696e6773223b613a313a7b733a343a22726f7773223b733a323a223230223b7d7d733a383a2273657474696e6773223b613a323a7b733a31353a22746578745f70726f63657373696e67223b733a313a2231223b733a31383a22757365725f72656769737465725f666f726d223b623a303b7d733a373a22646973706c6179223b613a313a7b733a373a2264656661756c74223b613a343a7b733a353a226c6162656c223b733a363a2268696464656e223b733a343a2274797065223b733a363a2268696464656e223b733a363a22776569676874223b733a313a2231223b733a383a2273657474696e6773223b613a303a7b7d7d7d733a383a227265717569726564223b693a303b733a31313a226465736372697074696f6e223b733a303a22223b733a31333a2264656661756c745f76616c7565223b4e3b7d, 0),
(16, 14, 'field_images', 'field_collection_item', 'field_slideshow', 0x613a363a7b733a353a226c6162656c223b733a363a22496d61676573223b733a363a22776964676574223b613a353a7b733a363a22776569676874223b733a313a2231223b733a343a2274797065223b733a393a22696d6167655f6d6977223b733a363a226d6f64756c65223b733a32393a226d756c746975706c6f61645f696d6167656669656c645f776964676574223b733a363a22616374697665223b693a313b733a383a2273657474696e6773223b613a323a7b733a31383a2270726f67726573735f696e64696361746f72223b733a383a227468726f62626572223b733a31393a22707265766965775f696d6167655f7374796c65223b733a393a227468756d626e61696c223b7d7d733a383a2273657474696e6773223b613a393a7b733a31343a2266696c655f6469726563746f7279223b733a303a22223b733a31353a2266696c655f657874656e73696f6e73223b733a31363a22706e6720676966206a7067206a706567223b733a31323a226d61785f66696c6573697a65223b733a303a22223b733a31343a226d61785f7265736f6c7574696f6e223b733a303a22223b733a31343a226d696e5f7265736f6c7574696f6e223b733a303a22223b733a393a22616c745f6669656c64223b693a313b733a31313a227469746c655f6669656c64223b693a303b733a31333a2264656661756c745f696d616765223b693a303b733a31383a22757365725f72656769737465725f666f726d223b623a303b7d733a373a22646973706c6179223b613a313a7b733a373a2264656661756c74223b613a343a7b733a353a226c6162656c223b733a363a2268696464656e223b733a343a2274797065223b733a363a2268696464656e223b733a363a22776569676874223b733a313a2230223b733a383a2273657474696e6773223b613a303a7b7d7d7d733a383a227265717569726564223b693a303b733a31313a226465736372697074696f6e223b733a303a22223b7d, 0);

-- --------------------------------------------------------

--
-- Table structure for table `field_data_body`
--

CREATE TABLE `field_data_body` (
  `entity_type` varchar(128) NOT NULL DEFAULT '' COMMENT 'The entity type this data is attached to',
  `bundle` varchar(128) NOT NULL DEFAULT '' COMMENT 'The field instance bundle to which this row belongs, used when deleting a field instance',
  `deleted` tinyint(4) NOT NULL DEFAULT '0' COMMENT 'A boolean indicating whether this data item has been deleted',
  `entity_id` int(10) UNSIGNED NOT NULL COMMENT 'The entity id this data is attached to',
  `revision_id` int(10) UNSIGNED DEFAULT NULL COMMENT 'The entity revision id this data is attached to, or NULL if the entity type is not versioned',
  `language` varchar(32) NOT NULL DEFAULT '' COMMENT 'The language for this data item.',
  `delta` int(10) UNSIGNED NOT NULL COMMENT 'The sequence number for this data item, used for multi-value fields',
  `body_value` longtext,
  `body_summary` longtext,
  `body_format` varchar(255) DEFAULT NULL
) ENGINE=InnoDB DEFAULT CHARSET=utf8 COMMENT='Data storage for field 2 (body)';

-- --------------------------------------------------------

--
-- Table structure for table `field_data_comment_body`
--

CREATE TABLE `field_data_comment_body` (
  `entity_type` varchar(128) NOT NULL DEFAULT '' COMMENT 'The entity type this data is attached to',
  `bundle` varchar(128) NOT NULL DEFAULT '' COMMENT 'The field instance bundle to which this row belongs, used when deleting a field instance',
  `deleted` tinyint(4) NOT NULL DEFAULT '0' COMMENT 'A boolean indicating whether this data item has been deleted',
  `entity_id` int(10) UNSIGNED NOT NULL COMMENT 'The entity id this data is attached to',
  `revision_id` int(10) UNSIGNED DEFAULT NULL COMMENT 'The entity revision id this data is attached to, or NULL if the entity type is not versioned',
  `language` varchar(32) NOT NULL DEFAULT '' COMMENT 'The language for this data item.',
  `delta` int(10) UNSIGNED NOT NULL COMMENT 'The sequence number for this data item, used for multi-value fields',
  `comment_body_value` longtext,
  `comment_body_format` varchar(255) DEFAULT NULL
) ENGINE=InnoDB DEFAULT CHARSET=utf8 COMMENT='Data storage for field 1 (comment_body)';

-- --------------------------------------------------------

--
-- Table structure for table `field_data_field_footer`
--

CREATE TABLE `field_data_field_footer` (
  `entity_type` varchar(128) NOT NULL DEFAULT '' COMMENT 'The entity type this data is attached to',
  `bundle` varchar(128) NOT NULL DEFAULT '' COMMENT 'The field instance bundle to which this row belongs, used when deleting a field instance',
  `deleted` tinyint(4) NOT NULL DEFAULT '0' COMMENT 'A boolean indicating whether this data item has been deleted',
  `entity_id` int(10) UNSIGNED NOT NULL COMMENT 'The entity id this data is attached to',
  `revision_id` int(10) UNSIGNED DEFAULT NULL COMMENT 'The entity revision id this data is attached to, or NULL if the entity type is not versioned',
  `language` varchar(32) NOT NULL DEFAULT '' COMMENT 'The language for this data item.',
  `delta` int(10) UNSIGNED NOT NULL COMMENT 'The sequence number for this data item, used for multi-value fields',
  `field_footer_value` longtext,
  `field_footer_format` varchar(255) DEFAULT NULL
) ENGINE=InnoDB DEFAULT CHARSET=utf8 COMMENT='Data storage for field 13 (field_footer)';

--
-- Dumping data for table `field_data_field_footer`
--

INSERT INTO `field_data_field_footer` (`entity_type`, `bundle`, `deleted`, `entity_id`, `revision_id`, `language`, `delta`, `field_footer_value`, `field_footer_format`) VALUES
('node', 'page', 0, 1, 1, 'und', 0, '<p> All right reserved kikbielsko.pl</p>', 'plain_html');

-- --------------------------------------------------------

--
-- Table structure for table `field_data_field_google_map`
--

CREATE TABLE `field_data_field_google_map` (
  `entity_type` varchar(128) NOT NULL DEFAULT '' COMMENT 'The entity type this data is attached to',
  `bundle` varchar(128) NOT NULL DEFAULT '' COMMENT 'The field instance bundle to which this row belongs, used when deleting a field instance',
  `deleted` tinyint(4) NOT NULL DEFAULT '0' COMMENT 'A boolean indicating whether this data item has been deleted',
  `entity_id` int(10) UNSIGNED NOT NULL COMMENT 'The entity id this data is attached to',
  `revision_id` int(10) UNSIGNED DEFAULT NULL COMMENT 'The entity revision id this data is attached to, or NULL if the entity type is not versioned',
  `language` varchar(32) NOT NULL DEFAULT '' COMMENT 'The language for this data item.',
  `delta` int(10) UNSIGNED NOT NULL COMMENT 'The sequence number for this data item, used for multi-value fields',
  `field_google_map_lat` double DEFAULT '0',
  `field_google_map_lon` double DEFAULT '0',
  `field_google_map_map_width` int(11) DEFAULT NULL,
  `field_google_map_map_height` int(11) DEFAULT NULL,
  `field_google_map_zoom` int(11) DEFAULT NULL,
  `field_google_map_name` varchar(128) DEFAULT NULL
) ENGINE=InnoDB DEFAULT CHARSET=utf8 COMMENT='Data storage for field 12 (field_google_map)';

--
-- Dumping data for table `field_data_field_google_map`
--

INSERT INTO `field_data_field_google_map` (`entity_type`, `bundle`, `deleted`, `entity_id`, `revision_id`, `language`, `delta`, `field_google_map_lat`, `field_google_map_lon`, `field_google_map_map_width`, `field_google_map_map_height`, `field_google_map_zoom`, `field_google_map_name`) VALUES
('node', 'page', 0, 4, 4, 'und', 0, 49.8235, 19.04717, NULL, NULL, 16, 'KIK Bielsko');

-- --------------------------------------------------------

--
-- Table structure for table `field_data_field_image`
--

CREATE TABLE `field_data_field_image` (
  `entity_type` varchar(128) NOT NULL DEFAULT '' COMMENT 'The entity type this data is attached to',
  `bundle` varchar(128) NOT NULL DEFAULT '' COMMENT 'The field instance bundle to which this row belongs, used when deleting a field instance',
  `deleted` tinyint(4) NOT NULL DEFAULT '0' COMMENT 'A boolean indicating whether this data item has been deleted',
  `entity_id` int(10) UNSIGNED NOT NULL COMMENT 'The entity id this data is attached to',
  `revision_id` int(10) UNSIGNED DEFAULT NULL COMMENT 'The entity revision id this data is attached to, or NULL if the entity type is not versioned',
  `language` varchar(32) NOT NULL DEFAULT '' COMMENT 'The language for this data item.',
  `delta` int(10) UNSIGNED NOT NULL COMMENT 'The sequence number for this data item, used for multi-value fields',
  `field_image_fid` int(10) UNSIGNED DEFAULT NULL COMMENT 'The file_managed.fid being referenced in this field.',
  `field_image_alt` varchar(512) DEFAULT NULL COMMENT 'Alternative image text, for the image’s ’alt’ attribute.',
  `field_image_title` varchar(1024) DEFAULT NULL COMMENT 'Image title text, for the image’s ’title’ attribute.',
  `field_image_width` int(10) UNSIGNED DEFAULT NULL COMMENT 'The width of the image in pixels.',
  `field_image_height` int(10) UNSIGNED DEFAULT NULL COMMENT 'The height of the image in pixels.'
) ENGINE=InnoDB DEFAULT CHARSET=utf8 COMMENT='Data storage for field 4 (field_image)';

-- --------------------------------------------------------

--
-- Table structure for table `field_data_field_images`
--

CREATE TABLE `field_data_field_images` (
  `entity_type` varchar(128) NOT NULL DEFAULT '' COMMENT 'The entity type this data is attached to',
  `bundle` varchar(128) NOT NULL DEFAULT '' COMMENT 'The field instance bundle to which this row belongs, used when deleting a field instance',
  `deleted` tinyint(4) NOT NULL DEFAULT '0' COMMENT 'A boolean indicating whether this data item has been deleted',
  `entity_id` int(10) UNSIGNED NOT NULL COMMENT 'The entity id this data is attached to',
  `revision_id` int(10) UNSIGNED DEFAULT NULL COMMENT 'The entity revision id this data is attached to, or NULL if the entity type is not versioned',
  `language` varchar(32) NOT NULL DEFAULT '' COMMENT 'The language for this data item.',
  `delta` int(10) UNSIGNED NOT NULL COMMENT 'The sequence number for this data item, used for multi-value fields',
  `field_images_fid` int(10) UNSIGNED DEFAULT NULL COMMENT 'The file_managed.fid being referenced in this field.',
  `field_images_alt` varchar(512) DEFAULT NULL COMMENT 'Alternative image text, for the image’s ’alt’ attribute.',
  `field_images_title` varchar(1024) DEFAULT NULL COMMENT 'Image title text, for the image’s ’title’ attribute.',
  `field_images_width` int(10) UNSIGNED DEFAULT NULL COMMENT 'The width of the image in pixels.',
  `field_images_height` int(10) UNSIGNED DEFAULT NULL COMMENT 'The height of the image in pixels.'
) ENGINE=InnoDB DEFAULT CHARSET=utf8 COMMENT='Data storage for field 14 (field_images)';

--
-- Dumping data for table `field_data_field_images`
--

INSERT INTO `field_data_field_images` (`entity_type`, `bundle`, `deleted`, `entity_id`, `revision_id`, `language`, `delta`, `field_images_fid`, `field_images_alt`, `field_images_title`, `field_images_width`, `field_images_height`) VALUES
('field_collection_item', 'field_slideshow', 0, 1, 1, 'und', 0, 2, 'Bielsko', '', 1920, 1200),
('field_collection_item', 'field_slideshow', 0, 2, 2, 'und', 0, 3, 'KIK', '', 1920, 1200),
('field_collection_item', 'field_slideshow', 0, 3, 3, 'und', 0, 4, 'Rachunkowość', '', 1920, 1200),
('field_collection_item', 'field_slideshow', 0, 4, 4, 'und', 0, 7, 'Kontakt', '', 1920, 1200),
('field_collection_item', 'field_slideshow', 0, 5, 5, 'und', 0, 23, '', '', 1920, 1050),
('field_collection_item', 'field_slideshow', 0, 6, 6, 'und', 0, 24, '', '', 1920, 1050),
('field_collection_item', 'field_slideshow', 0, 7, 7, 'und', 0, 25, '', '', 1920, 1050),
('field_collection_item', 'field_slideshow', 0, 8, 8, 'und', 0, 26, '', '', 1920, 1200),
('field_collection_item', 'field_slideshow', 0, 9, 9, 'und', 0, 16, 'KIK', '', 1920, 1050),
('field_collection_item', 'field_slideshow', 0, 10, 10, 'und', 0, 17, 'Bielsko', '', 1920, 1050),
('field_collection_item', 'field_slideshow', 0, 11, 11, 'und', 0, 18, '', '', 1920, 1050),
('field_collection_item', 'field_slideshow', 0, 12, 12, 'und', 0, 19, '', '', 1920, 1050),
('field_collection_item', 'field_slideshow', 0, 13, 13, 'und', 0, 20, '', '', 1920, 1050),
('field_collection_item', 'field_slideshow', 0, 14, 14, 'und', 0, 21, '', '', 1920, 1050),
('field_collection_item', 'field_slideshow', 0, 15, 15, 'und', 0, 22, '', '', 1920, 1050);

-- --------------------------------------------------------

--
-- Table structure for table `field_data_field_logo`
--

CREATE TABLE `field_data_field_logo` (
  `entity_type` varchar(128) NOT NULL DEFAULT '' COMMENT 'The entity type this data is attached to',
  `bundle` varchar(128) NOT NULL DEFAULT '' COMMENT 'The field instance bundle to which this row belongs, used when deleting a field instance',
  `deleted` tinyint(4) NOT NULL DEFAULT '0' COMMENT 'A boolean indicating whether this data item has been deleted',
  `entity_id` int(10) UNSIGNED NOT NULL COMMENT 'The entity id this data is attached to',
  `revision_id` int(10) UNSIGNED DEFAULT NULL COMMENT 'The entity revision id this data is attached to, or NULL if the entity type is not versioned',
  `language` varchar(32) NOT NULL DEFAULT '' COMMENT 'The language for this data item.',
  `delta` int(10) UNSIGNED NOT NULL COMMENT 'The sequence number for this data item, used for multi-value fields',
  `field_logo_fid` int(10) UNSIGNED DEFAULT NULL COMMENT 'The file_managed.fid being referenced in this field.',
  `field_logo_alt` varchar(512) DEFAULT NULL COMMENT 'Alternative image text, for the image’s ’alt’ attribute.',
  `field_logo_title` varchar(1024) DEFAULT NULL COMMENT 'Image title text, for the image’s ’title’ attribute.',
  `field_logo_width` int(10) UNSIGNED DEFAULT NULL COMMENT 'The width of the image in pixels.',
  `field_logo_height` int(10) UNSIGNED DEFAULT NULL COMMENT 'The height of the image in pixels.'
) ENGINE=InnoDB DEFAULT CHARSET=utf8 COMMENT='Data storage for field 5 (field_logo)';

-- --------------------------------------------------------

--
-- Table structure for table `field_data_field_nav_login`
--

CREATE TABLE `field_data_field_nav_login` (
  `entity_type` varchar(128) NOT NULL DEFAULT '' COMMENT 'The entity type this data is attached to',
  `bundle` varchar(128) NOT NULL DEFAULT '' COMMENT 'The field instance bundle to which this row belongs, used when deleting a field instance',
  `deleted` tinyint(4) NOT NULL DEFAULT '0' COMMENT 'A boolean indicating whether this data item has been deleted',
  `entity_id` int(10) UNSIGNED NOT NULL COMMENT 'The entity id this data is attached to',
  `revision_id` int(10) UNSIGNED DEFAULT NULL COMMENT 'The entity revision id this data is attached to, or NULL if the entity type is not versioned',
  `language` varchar(32) NOT NULL DEFAULT '' COMMENT 'The language for this data item.',
  `delta` int(10) UNSIGNED NOT NULL COMMENT 'The sequence number for this data item, used for multi-value fields',
  `field_nav_login_value` varchar(255) DEFAULT NULL,
  `field_nav_login_format` varchar(255) DEFAULT NULL
) ENGINE=InnoDB DEFAULT CHARSET=utf8 COMMENT='Data storage for field 7 (field_nav_login)';

--
-- Dumping data for table `field_data_field_nav_login`
--

INSERT INTO `field_data_field_nav_login` (`entity_type`, `bundle`, `deleted`, `entity_id`, `revision_id`, `language`, `delta`, `field_nav_login_value`, `field_nav_login_format`) VALUES
('node', 'page', 0, 1, 1, 'und', 0, 'PANEL LOGOWANIA', NULL);

-- --------------------------------------------------------

--
-- Table structure for table `field_data_field_nav_logo`
--

CREATE TABLE `field_data_field_nav_logo` (
  `entity_type` varchar(128) NOT NULL DEFAULT '' COMMENT 'The entity type this data is attached to',
  `bundle` varchar(128) NOT NULL DEFAULT '' COMMENT 'The field instance bundle to which this row belongs, used when deleting a field instance',
  `deleted` tinyint(4) NOT NULL DEFAULT '0' COMMENT 'A boolean indicating whether this data item has been deleted',
  `entity_id` int(10) UNSIGNED NOT NULL COMMENT 'The entity id this data is attached to',
  `revision_id` int(10) UNSIGNED DEFAULT NULL COMMENT 'The entity revision id this data is attached to, or NULL if the entity type is not versioned',
  `language` varchar(32) NOT NULL DEFAULT '' COMMENT 'The language for this data item.',
  `delta` int(10) UNSIGNED NOT NULL COMMENT 'The sequence number for this data item, used for multi-value fields',
  `field_nav_logo_fid` int(10) UNSIGNED DEFAULT NULL COMMENT 'The file_managed.fid being referenced in this field.',
  `field_nav_logo_alt` varchar(512) DEFAULT NULL COMMENT 'Alternative image text, for the image’s ’alt’ attribute.',
  `field_nav_logo_title` varchar(1024) DEFAULT NULL COMMENT 'Image title text, for the image’s ’title’ attribute.',
  `field_nav_logo_width` int(10) UNSIGNED DEFAULT NULL COMMENT 'The width of the image in pixels.',
  `field_nav_logo_height` int(10) UNSIGNED DEFAULT NULL COMMENT 'The height of the image in pixels.'
) ENGINE=InnoDB DEFAULT CHARSET=utf8 COMMENT='Data storage for field 6 (field_nav_logo)';

--
-- Dumping data for table `field_data_field_nav_logo`
--

INSERT INTO `field_data_field_nav_logo` (`entity_type`, `bundle`, `deleted`, `entity_id`, `revision_id`, `language`, `delta`, `field_nav_logo_fid`, `field_nav_logo_alt`, `field_nav_logo_title`, `field_nav_logo_width`, `field_nav_logo_height`) VALUES
('node', 'page', 0, 1, 1, 'und', 0, 6, 'Logo', '', 368, 80);

-- --------------------------------------------------------

--
-- Table structure for table `field_data_field_slideshow`
--

CREATE TABLE `field_data_field_slideshow` (
  `entity_type` varchar(128) NOT NULL DEFAULT '' COMMENT 'The entity type this data is attached to',
  `bundle` varchar(128) NOT NULL DEFAULT '' COMMENT 'The field instance bundle to which this row belongs, used when deleting a field instance',
  `deleted` tinyint(4) NOT NULL DEFAULT '0' COMMENT 'A boolean indicating whether this data item has been deleted',
  `entity_id` int(10) UNSIGNED NOT NULL COMMENT 'The entity id this data is attached to',
  `revision_id` int(10) UNSIGNED DEFAULT NULL COMMENT 'The entity revision id this data is attached to, or NULL if the entity type is not versioned',
  `language` varchar(32) NOT NULL DEFAULT '' COMMENT 'The language for this data item.',
  `delta` int(10) UNSIGNED NOT NULL COMMENT 'The sequence number for this data item, used for multi-value fields',
  `field_slideshow_value` int(11) DEFAULT NULL COMMENT 'The field collection item id.',
  `field_slideshow_revision_id` int(11) DEFAULT NULL COMMENT 'The field collection item revision id.'
) ENGINE=InnoDB DEFAULT CHARSET=utf8 COMMENT='Data storage for field 8 (field_slideshow)';

--
-- Dumping data for table `field_data_field_slideshow`
--

INSERT INTO `field_data_field_slideshow` (`entity_type`, `bundle`, `deleted`, `entity_id`, `revision_id`, `language`, `delta`, `field_slideshow_value`, `field_slideshow_revision_id`) VALUES
('node', 'page', 0, 1, 1, 'und', 0, 13, 13),
('node', 'page', 0, 1, 1, 'und', 1, 14, 14),
('node', 'page', 0, 1, 1, 'und', 2, 15, 15),
('node', 'page', 0, 1, 1, 'und', 3, 12, 12),
('node', 'page', 0, 3, 3, 'und', 0, 5, 5),
('node', 'page', 0, 3, 3, 'und', 1, 6, 6),
('node', 'page', 0, 3, 3, 'und', 2, 7, 7),
('node', 'page', 0, 3, 3, 'und', 3, 8, 8);

-- --------------------------------------------------------

--
-- Table structure for table `field_data_field_tags`
--

CREATE TABLE `field_data_field_tags` (
  `entity_type` varchar(128) NOT NULL DEFAULT '' COMMENT 'The entity type this data is attached to',
  `bundle` varchar(128) NOT NULL DEFAULT '' COMMENT 'The field instance bundle to which this row belongs, used when deleting a field instance',
  `deleted` tinyint(4) NOT NULL DEFAULT '0' COMMENT 'A boolean indicating whether this data item has been deleted',
  `entity_id` int(10) UNSIGNED NOT NULL COMMENT 'The entity id this data is attached to',
  `revision_id` int(10) UNSIGNED DEFAULT NULL COMMENT 'The entity revision id this data is attached to, or NULL if the entity type is not versioned',
  `language` varchar(32) NOT NULL DEFAULT '' COMMENT 'The language for this data item.',
  `delta` int(10) UNSIGNED NOT NULL COMMENT 'The sequence number for this data item, used for multi-value fields',
  `field_tags_tid` int(10) UNSIGNED DEFAULT NULL
) ENGINE=InnoDB DEFAULT CHARSET=utf8 COMMENT='Data storage for field 3 (field_tags)';

-- --------------------------------------------------------

--
-- Table structure for table `field_data_field_text_left`
--

CREATE TABLE `field_data_field_text_left` (
  `entity_type` varchar(128) NOT NULL DEFAULT '' COMMENT 'The entity type this data is attached to',
  `bundle` varchar(128) NOT NULL DEFAULT '' COMMENT 'The field instance bundle to which this row belongs, used when deleting a field instance',
  `deleted` tinyint(4) NOT NULL DEFAULT '0' COMMENT 'A boolean indicating whether this data item has been deleted',
  `entity_id` int(10) UNSIGNED NOT NULL COMMENT 'The entity id this data is attached to',
  `revision_id` int(10) UNSIGNED DEFAULT NULL COMMENT 'The entity revision id this data is attached to, or NULL if the entity type is not versioned',
  `language` varchar(32) NOT NULL DEFAULT '' COMMENT 'The language for this data item.',
  `delta` int(10) UNSIGNED NOT NULL COMMENT 'The sequence number for this data item, used for multi-value fields',
  `field_text_left_value` longtext,
  `field_text_left_format` varchar(255) DEFAULT NULL
) ENGINE=InnoDB DEFAULT CHARSET=utf8 COMMENT='Data storage for field 10 (field_text_left)';

--
-- Dumping data for table `field_data_field_text_left`
--

INSERT INTO `field_data_field_text_left` (`entity_type`, `bundle`, `deleted`, `entity_id`, `revision_id`, `language`, `delta`, `field_text_left_value`, `field_text_left_format`) VALUES
('node', 'page', 0, 2, 2, 'und', 0, '<p>KSIĘGOWOŚĆ</p><p>- podatkowa książka przychodów i rozchodów</p><p>- księgi handlowe</p><p>- ryczałt ewidencjonowany</p><p>- deklaracje PIT, CIT, VAT oraz PCC</p><p>- dodatkowe zestawienia księgowe i opracowania</p><p>&nbsp;&nbsp;&nbsp;&nbsp;&nbsp;&nbsp;do celów kredytowych, leasingu dotacji</p><p>- indywidualne zlecenia klientów</p><p>- elastyczna forma współpracy</p><p>- panel Klienta</p><p>- internetowa platforma informacyjna</p>', 'full_html'),
('node', 'page', 0, 4, 4, 'und', 0, '<p>DZIAŁ KSIĘGOWOŚCI</p><p>Ul. Cechowa 6/10</p><p>43-300 Bielsko-Biała</p><p><a href=\"tel: 33 816 40 49\">tel. (33) 816-40-49</a></p><p><a href=\"tel: 33 814 10 49\">fax (33) 814-10-49</a></p><p><a href=\"mailto:marcinkniec@kikbielsko.pl\">marcinkniec@kikbielsko.pl</a></p>', 'full_html');

-- --------------------------------------------------------

--
-- Table structure for table `field_data_field_text_right`
--

CREATE TABLE `field_data_field_text_right` (
  `entity_type` varchar(128) NOT NULL DEFAULT '' COMMENT 'The entity type this data is attached to',
  `bundle` varchar(128) NOT NULL DEFAULT '' COMMENT 'The field instance bundle to which this row belongs, used when deleting a field instance',
  `deleted` tinyint(4) NOT NULL DEFAULT '0' COMMENT 'A boolean indicating whether this data item has been deleted',
  `entity_id` int(10) UNSIGNED NOT NULL COMMENT 'The entity id this data is attached to',
  `revision_id` int(10) UNSIGNED DEFAULT NULL COMMENT 'The entity revision id this data is attached to, or NULL if the entity type is not versioned',
  `language` varchar(32) NOT NULL DEFAULT '' COMMENT 'The language for this data item.',
  `delta` int(10) UNSIGNED NOT NULL COMMENT 'The sequence number for this data item, used for multi-value fields',
  `field_text_right_value` longtext,
  `field_text_right_format` varchar(255) DEFAULT NULL
) ENGINE=InnoDB DEFAULT CHARSET=utf8 COMMENT='Data storage for field 11 (field_text_right)';

--
-- Dumping data for table `field_data_field_text_right`
--

INSERT INTO `field_data_field_text_right` (`entity_type`, `bundle`, `deleted`, `entity_id`, `revision_id`, `language`, `delta`, `field_text_right_value`, `field_text_right_format`) VALUES
('node', 'page', 0, 2, 2, 'und', 0, '<p>KADRY I PŁACE</p><p>- dokumentacja kadrowa</p><p>- teczki osobowe</p><p>- listy płac</p><p>- deklaracje podatku dochodowego</p><p>- deklaracje ZUS</p><p>- deklaracja PFRON</p>', 'full_html'),
('node', 'page', 0, 4, 4, 'und', 0, '<p>DZIAŁ ADMINISTRACJI</p><p>Ul. Cechowa 6/10</p><p>43-300 Bielsko-Biała</p><p><a href=\"tel: 33 816 40 49\">tel. (33) 816-40-49</a></p><p><a href=\"tel: 33 814 10 49\">fax (33) 814-10-49</a></p><p><a href=\"tel: 504 106 045\">kom. 504-106-045</a></p><p><a href=\"mailto:katarzynahola@kikbielsko.pl\">katarzynahola@kikbielsko.pl</a></p>', 'full_html');

-- --------------------------------------------------------

--
-- Table structure for table `field_data_field_text_slide`
--

CREATE TABLE `field_data_field_text_slide` (
  `entity_type` varchar(128) NOT NULL DEFAULT '' COMMENT 'The entity type this data is attached to',
  `bundle` varchar(128) NOT NULL DEFAULT '' COMMENT 'The field instance bundle to which this row belongs, used when deleting a field instance',
  `deleted` tinyint(4) NOT NULL DEFAULT '0' COMMENT 'A boolean indicating whether this data item has been deleted',
  `entity_id` int(10) UNSIGNED NOT NULL COMMENT 'The entity id this data is attached to',
  `revision_id` int(10) UNSIGNED DEFAULT NULL COMMENT 'The entity revision id this data is attached to, or NULL if the entity type is not versioned',
  `language` varchar(32) NOT NULL DEFAULT '' COMMENT 'The language for this data item.',
  `delta` int(10) UNSIGNED NOT NULL COMMENT 'The sequence number for this data item, used for multi-value fields',
  `field_text_slide_value` longtext,
  `field_text_slide_format` varchar(255) DEFAULT NULL
) ENGINE=InnoDB DEFAULT CHARSET=utf8 COMMENT='Data storage for field 9 (field_text_slide)';

--
-- Dumping data for table `field_data_field_text_slide`
--

INSERT INTO `field_data_field_text_slide` (`entity_type`, `bundle`, `deleted`, `entity_id`, `revision_id`, `language`, `delta`, `field_text_slide_value`, `field_text_slide_format`) VALUES
('node', 'page', 0, 1, 1, 'und', 0, '<p>KOMPLEKSOWA  OBSŁUGA</p>\r\n<p>RACHUNKOWO- KSIĘGOWA ORAZ KADROWO-PŁACOWA</p>', 'plain_html'),
('node', 'page', 0, 3, 3, 'und', 0, '<p>NIERUCHOMOŚCI I ADMINISTRACJA</p>\r\n\r\n<p>Lorem ipsum dolor sit amet, consectetur adipiscing elit, sed do eiusmod</p> \r\n<p>tempor incididunt ut labore et dolore magna aliqua. Ut enim ad minim</p>\r\n<p>veniam, quis nostrud exercitation ullamco laboris nisi ut aliquip ex ea commodo</p>\r\n<p>consequat. Duis aute irure dolor in reprehenderit in voluptate velit esse cillum</p>\r\n<p>dolore eu fugiat nulla pariatur. Excepteur sint occaecat cupidatat non proident,</p>\r\n<p> sunt in culpa qui officia deserunt mollit anim id est laborum.</p>\r\n\r\n<p>Kontakt</p>\r\n<p>administacja@kikbielsko.pl</p>', 'plain_html');

-- --------------------------------------------------------

--
-- Table structure for table `field_group`
--

CREATE TABLE `field_group` (
  `id` int(11) NOT NULL COMMENT 'The primary identifier for a group',
  `identifier` varchar(255) NOT NULL DEFAULT '' COMMENT 'The unique string identifier for a group.',
  `group_name` varchar(32) NOT NULL DEFAULT '' COMMENT 'The name of this group.',
  `entity_type` varchar(32) NOT NULL DEFAULT '',
  `bundle` varchar(128) NOT NULL DEFAULT '',
  `mode` varchar(128) NOT NULL DEFAULT '',
  `parent_name` varchar(32) NOT NULL DEFAULT '' COMMENT 'The parent name for a group',
  `data` longblob NOT NULL COMMENT 'Serialized data containing the group properties that do not warrant a dedicated column.'
) ENGINE=InnoDB DEFAULT CHARSET=utf8 COMMENT='Table that contains field group entries and settings.';

--
-- Dumping data for table `field_group`
--

INSERT INTO `field_group` (`id`, `identifier`, `group_name`, `entity_type`, `bundle`, `mode`, `parent_name`, `data`) VALUES
(1, 'group_grupa|node|page|form', 'group_grupa', 'node', 'page', 'form', '', 0x613a353a7b733a353a226c6162656c223b733a353a224772757061223b733a363a22776569676874223b733a313a2235223b733a383a226368696c6472656e223b613a363a7b693a303b733a31303a2267726f75705f686f6d65223b693a313b733a31343a2267726f75705f6d61696e686f6d65223b693a323b733a31323a2267726f75705f6e6176626172223b693a333b733a31343a2267726f75705f7465787470616765223b693a343b733a31383a2267726f75705f666f6f7465725f67726f7570223b693a353b733a393a2267726f75705f6d6170223b7d733a31313a22666f726d61745f74797065223b733a393a226163636f7264696f6e223b733a31353a22666f726d61745f73657474696e6773223b613a323a7b733a393a22666f726d6174746572223b733a303a22223b733a31373a22696e7374616e63655f73657474696e6773223b613a333a7b733a363a22656666656374223b733a343a226e6f6e65223b733a373a22636c6173736573223b733a33333a2267726f75702d6772757061206669656c642d67726f75702d6163636f7264696f6e223b733a323a226964223b733a303a22223b7d7d7d),
(2, 'group_home|node|page|form', 'group_home', 'node', 'page', 'form', 'group_grupa', 0x613a353a7b733a353a226c6162656c223b733a31333a22416e696d61636a6120486f6d65223b733a363a22776569676874223b733a313a2239223b733a383a226368696c6472656e223b613a313a7b693a303b733a31303a226669656c645f6c6f676f223b7d733a31313a22666f726d61745f74797065223b733a31343a226163636f7264696f6e2d6974656d223b733a31353a22666f726d61745f73657474696e6773223b613a333a7b733a353a226c6162656c223b733a31333a22416e696d61636a6120486f6d65223b733a31373a22696e7374616e63655f73657474696e6773223b613a333a7b733a31353a2272657175697265645f6669656c6473223b693a313b733a373a22636c6173736573223b733a33373a2267726f75702d686f6d65206669656c642d67726f75702d6163636f7264696f6e2d6974656d223b733a31313a226465736372697074696f6e223b733a303a22223b7d733a393a22666f726d6174746572223b733a363a22636c6f736564223b7d7d),
(3, 'group_mainhome|node|page|form', 'group_mainhome', 'node', 'page', 'form', 'group_grupa', 0x613a353a7b733a353a226c6162656c223b733a363a22536c69646572223b733a363a22776569676874223b733a323a223131223b733a383a226368696c6472656e223b613a323a7b693a303b733a31353a226669656c645f736c69646573686f77223b693a313b733a31363a226669656c645f746578745f736c696465223b7d733a31313a22666f726d61745f74797065223b733a31343a226163636f7264696f6e2d6974656d223b733a31353a22666f726d61745f73657474696e6773223b613a333a7b733a353a226c6162656c223b733a363a22536c69646572223b733a31373a22696e7374616e63655f73657474696e6773223b613a333a7b733a31353a2272657175697265645f6669656c6473223b693a313b733a373a22636c6173736573223b733a34313a2267726f75702d6d61696e686f6d65206669656c642d67726f75702d6163636f7264696f6e2d6974656d223b733a31313a226465736372697074696f6e223b733a303a22223b7d733a393a22666f726d6174746572223b733a363a22636c6f736564223b7d7d),
(4, 'group_navbar|node|page|form', 'group_navbar', 'node', 'page', 'form', 'group_grupa', 0x613a353a7b733a353a226c6162656c223b733a363a224e6176626172223b733a363a22776569676874223b733a323a223130223b733a383a226368696c6472656e223b613a323a7b693a303b733a31343a226669656c645f6e61765f6c6f676f223b693a313b733a31353a226669656c645f6e61765f6c6f67696e223b7d733a31313a22666f726d61745f74797065223b733a31343a226163636f7264696f6e2d6974656d223b733a31353a22666f726d61745f73657474696e6773223b613a323a7b733a393a22666f726d6174746572223b733a363a22636c6f736564223b733a31373a22696e7374616e63655f73657474696e6773223b613a333a7b733a31313a226465736372697074696f6e223b733a303a22223b733a373a22636c6173736573223b733a33393a2267726f75702d6e6176626172206669656c642d67726f75702d6163636f7264696f6e2d6974656d223b733a31353a2272657175697265645f6669656c6473223b693a313b7d7d7d),
(5, 'group_textpage|node|page|form', 'group_textpage', 'node', 'page', 'form', 'group_grupa', 0x613a353a7b733a353a226c6162656c223b733a31343a22547265c59bc487207374726f6e79223b733a363a22776569676874223b733a323a223132223b733a383a226368696c6472656e223b613a323a7b693a303b733a31353a226669656c645f746578745f6c656674223b693a313b733a31363a226669656c645f746578745f7269676874223b7d733a31313a22666f726d61745f74797065223b733a31343a226163636f7264696f6e2d6974656d223b733a31353a22666f726d61745f73657474696e6773223b613a333a7b733a353a226c6162656c223b733a31343a22547265c59bc487207374726f6e79223b733a31373a22696e7374616e63655f73657474696e6773223b613a333a7b733a31353a2272657175697265645f6669656c6473223b693a313b733a373a22636c6173736573223b733a34313a2267726f75702d7465787470616765206669656c642d67726f75702d6163636f7264696f6e2d6974656d223b733a31313a226465736372697074696f6e223b733a303a22223b7d733a393a22666f726d6174746572223b733a363a22636c6f736564223b7d7d),
(6, 'group_footer_group|node|page|form', 'group_footer_group', 'node', 'page', 'form', 'group_grupa', 0x613a353a7b733a353a226c6162656c223b733a363a22466f6f746572223b733a363a22776569676874223b733a323a223134223b733a383a226368696c6472656e223b613a313a7b693a303b733a31323a226669656c645f666f6f746572223b7d733a31313a22666f726d61745f74797065223b733a31343a226163636f7264696f6e2d6974656d223b733a31353a22666f726d61745f73657474696e6773223b613a323a7b733a393a22666f726d6174746572223b733a363a22636c6f736564223b733a31373a22696e7374616e63655f73657474696e6773223b613a333a7b733a31313a226465736372697074696f6e223b733a303a22223b733a373a22636c6173736573223b733a34353a2267726f75702d666f6f7465722d67726f7570206669656c642d67726f75702d6163636f7264696f6e2d6974656d223b733a31353a2272657175697265645f6669656c6473223b693a313b7d7d7d),
(7, 'group_map|node|page|form', 'group_map', 'node', 'page', 'form', 'group_grupa', 0x613a353a7b733a353a226c6162656c223b733a343a224d617061223b733a363a22776569676874223b733a323a223133223b733a383a226368696c6472656e223b613a313a7b693a303b733a31363a226669656c645f676f6f676c655f6d6170223b7d733a31313a22666f726d61745f74797065223b733a31343a226163636f7264696f6e2d6974656d223b733a31353a22666f726d61745f73657474696e6773223b613a333a7b733a353a226c6162656c223b733a343a224d617061223b733a31373a22696e7374616e63655f73657474696e6773223b613a333a7b733a31353a2272657175697265645f6669656c6473223b693a313b733a373a22636c6173736573223b733a33363a2267726f75702d6d6170206669656c642d67726f75702d6163636f7264696f6e2d6974656d223b733a31313a226465736372697074696f6e223b733a303a22223b7d733a393a22666f726d6174746572223b733a363a22636c6f736564223b7d7d);

-- --------------------------------------------------------

--
